*g = 5*n + 3. Suppose -2*q + g*q - 8 = 0. Let y = 13 + q. Is y a prime number?
False
Suppose 5*i = o + 8156, 2*i = -4*o + 3804 - 546. Is i composite?
True
Let w be ((-10)/15)/((-1)/18). Let y = w - 8. Suppose 139 = 3*p - 5*l, -2*l + 200 = 5*p - y*l. Is p a composite number?
True
Let g(w) = -10*w**3 + 3*w**2 + 2*w + 4. Is g(-3) a prime number?
False
Let t be (-24)/84 + (-1514)/(-7). Let s = t + -5. Is s a prime number?
True
Is (1 - 2)/((-1)/1801) composite?
False
Suppose -74*h + 76*h = 4198. Is h composite?
False
Suppose -3*b + 17 = -37. Let t = -79 - -116. Let r = t - b. Is r a prime number?
True
Let c = 77 - 13. Suppose -j + 437 = c. Suppose 2*z - 2*r = 188, -z - 3*z + 5*r = -j. Is z a prime number?
True
Let z(r) be the first derivative of r**4/12 + r**3/3 - r**2/2 + 1. Let y(j) be the second derivative of z(j). Is y(2) prime?
False
Suppose -s = 2*s - 2*b - 251, 338 = 4*s - 2*b. Is s a composite number?
True
Let s be (-2)/5 - (-32)/5. Let l(a) = 0*a - 6 + 1 + 2*a + 4*a. Is l(s) a prime number?
True
Suppose 0*i - 964 = -2*i. Is i a composite number?
True
Let b(m) = -45*m - 10. Is b(-9) a prime number?
False
Suppose -3*u + 5047 = 274. Is u a composite number?
True
Let c(n) = -n**3 - 2*n**2 + 2*n - 1. Let r be c(-3). Suppose 0 = j - i - 21, -r*j + 2*i + 64 = j. Is j prime?
False
Let y be 700/(-6)*6/(-4). Suppose 61 + y = 4*k. Is k a composite number?
False
Let u be (2 - 2) + (-2)/(-1). Suppose 0 = -3*b - 3*d + 171, -120 = -u*b + 4*d - 9*d. Is b prime?
False
Let r be (-1 - -94)*9/9. Is (r/6)/((-3)/(-6)) composite?
False
Is 4/(-30)*3 + (-24634)/(-10) a prime number?
False
Let w = -10 + 12. Suppose -20 + 8 = -2*h + 5*n, -w*n = -5*h + 51. Is h a composite number?
False
Let c(n) = -n**2 + 2. Let p be c(0). Let b(m) = 27*m + 1. Is b(p) prime?
False
Let f = -2 - -4. Suppose 3*p + f*p - 288 = -2*b, -4*b + 2*p = -600. Is b a prime number?
True
Let y(u) be the second derivative of -u**7/840 + 7*u**6/360 - u**4/8 - u**3/2 + u. Let o(m) be the second derivative of y(m). Is o(6) prime?
False
Suppose -95 = -3*o + 1084. Is o a composite number?
True
Is (-4)/8 + 156/8 prime?
True
Is (-5)/(10/11 - 1) prime?
False
Suppose 4*z = -5*u + 14, 5*z + 2*u + 7 = 33. Suppose -370 = -0*w - 2*w. Suppose v = z*v - w. Is v a prime number?
True
Let t = 191 + -82. Is t composite?
False
Let h(p) = -p**3 - 2*p**2 - 8*p - 5. Let n be h(-6). Suppose 4*j + 2 - 14 = 0. Suppose -5*y + 5*v = -475, -2*y + 3*v + n = -j. Is y prime?
False
Suppose -3*m + 8 - 2 = 0. Suppose -m*s = -4*s. Suppose s = a + 2*h - 18 - 41, 3*h = 9. Is a composite?
False
Let j(n) = n**2 - 7*n + 8. Let s be j(6). Suppose -2*x + s*c - 40 = -204, -3*x = 3*c - 264. Is x a composite number?
True
Suppose 10 = g + g. Suppose 29 - 72 = -j - g*k, j = -3*k + 35. Is j a composite number?
False
Let m be 164/6 + 8/12. Let f be 42/15 - (-3)/15. Suppose -m = -f*k + k. Is k a composite number?
True
Let l be ((-390)/(-8))/((-5)/(-20)). Let u = -113 + l. Suppose 0 = 3*m + 4*d - u, -3*m + 4*m + 3*d - 34 = 0. Is m a prime number?
False
Suppose 24 + 6 = 3*p. Let b be (-2 - (-16)/p)*35. Is (-430)/b - (-10)/35 prime?
True
Is ((-3)/(-7 + 4))/((-3)/(-471)) prime?
True
Suppose -3*h - 15 = 4*p, 2*p + 2 + 3 = -h. Suppose p*o - 2*o = -3*b + 24, -b + 3*o + 15 = 0. Is b prime?
False
Let s(j) = -22*j**2 - 1. Let r be s(-1). Is r*3/(-9)*9 prime?
False
Let z(t) = 6*t**2 - 3*t - 4. Is z(-5) a composite number?
True
Let c(l) = l**2 + l + 1. Let g be c(0). Let i(p) = -2*p + 3*p - g - 3*p + 0. Is i(-4) a prime number?
True
Let v(y) = y**3 + 6*y**2 - y - 2. Let z be v(-6). Suppose -4*u + 17 = b, 5*b = z*u - 0*b + 13. Suppose u*i + 2*r = 641, -4*r + 6 = 26. Is i a composite number?
True
Let d(p) = 9*p**2 + 5*p + 3. Is d(-4) prime?
True
Suppose -5*x - 9 = -4. Let a be (3 - x)*5/(-10). Is 0 - (-213)/(-6)*a composite?
False
Let s(q) be the third derivative of -q**4 - 7*q**3/6 + 3*q**2. Is s(-5) composite?
False
Let i = 749 + -486. Is i composite?
False
Suppose 4*z - 3*b + 21 = 0, -4*z = -4*b + 3 + 17. Let x = z + 9. Suppose -2*q + 0*o = -2*o - 56, x*o = 9. Is q a composite number?
False
Let u = -4 - 0. Let d(j) = 2*j**2 - 5*j - 4. Let i be d(u). Is (i - (-1 + 0))*1 a prime number?
False
Let d = -8 + 14. Let a(z) = -5*z. Let t(x) = -4*x + 1. Let l(b) = 2*a(b) - 3*t(b). Is l(d) prime?
False
Let b(z) = z**2 + 6*z + 3. Let y be b(-6). Suppose 4*v - y*v = 37. Is v composite?
False
Suppose 2*c - 4*x - 9490 = 0, 0 = 3*c + x - 6*x - 14238. Is c composite?
False
Suppose -491 = -5*j - 46. Is j composite?
False
Let v(y) = 4*y - 3. Suppose -4*d = -9*d + 10. Let f be v(d). Suppose 4*k - 204 = -2*p - 0*p, 5*k + f*p - 245 = 0. Is k prime?
True
Let b(z) = 16*z**2 + 11*z - 3. Is b(8) composite?
False
Suppose -2 - 3 = 5*u, -3*u - 2598 = -3*f. Is f prime?
False
Suppose 4*a = 1 - 5, -y - 4*a = 117. Let i = y - -195. Is i composite?
True
Let c = -1 + 3. Suppose g = -c*g. Suppose -5*u - 4*i + 139 = g, 9*i = 3*u + 4*i - 113. Is u a composite number?
False
Suppose -5*r + 1048 = -r. Let p = -71 + r. Is p a composite number?
False
Let z(f) = -f**2 - 13*f - 9. Is z(-8) a composite number?
False
Let o = -1626 - -3035. Is o a composite number?
False
Let l = -19 + 56. Let i = l - -50. Is i prime?
False
Suppose 4 = -0*o + o. Suppose -15 = -k - o*k. Suppose -k*m = 3, -5*m + 191 = 3*j - m. Is j a prime number?
False
Let f = -4 + 7. Let v(j) = 93*j**2 - 2*j + 1. Let k be v(1). Suppose f*s = -s + k. Is s prime?
True
Suppose 462 = -5*t + 2*t. Let i(v) = -v**2 + v - 103. Let s be i(0). Let g = s - t. Is g a prime number?
False
Is 611 + 3/9*6 prime?
True
Suppose -16 = -4*q, 4*n + 0*q + q = 136. Is n prime?
False
Let f = 3 - 3. Suppose -4*q + o + 644 = -f*o, 5*o = -q + 161. Is q a composite number?
True
Let b = 3792 - 2351. Is b a composite number?
True
Suppose 157 = 5*z + 17. Suppose 4*a + 8 = z. Let f(s) = 7*s + 2. Is f(a) composite?
False
Is (0 - (-9)/6)*17312/48 composite?
False
Suppose 5*h - 571 = 49. Let f = h - 58. Suppose -5*q - 4*b + 0*b + 62 = 0, -f = -4*q + 5*b. Is q composite?
True
Suppose 0 = -3*m + 5*x + 23, 2*m + x - 10 = 3*x. Let v be 2 + (-1 + m)/1. Suppose -7*f = -v*f - 275. Is f prime?
False
Let f = 0 + -3. Let x(r) = -3 + 2 - r**3 - r + 0 + 2*r**2. Is x(f) a prime number?
True
Let s be 24/18*(-318)/(-4). Suppose -20 = -4*b, -5*b + 302 = 3*n + s. Is n composite?
True
Suppose 6616 + 671 = 7*z. Is z a prime number?
False
Let r(q) = 19 - 7*q + 7*q - q**3 - q**2. Is r(0) a prime number?
True
Suppose 5*l - 12 = 2*c - 97, 0 = -l + 5. Is c a prime number?
False
Suppose -6*f + 5*x = -4*f - 833, -x - 1675 = -4*f. Is f a prime number?
True
Let b = 97 - 33. Suppose -b = -4*a + 124. Is a a prime number?
True
Let w = -16 + 22. Is 2 + 3/(w/46) composite?
True
Let q = -54 - -265. Is q a prime number?
True
Let y(d) = 67*d. Is y(1) a prime number?
True
Suppose -3*j - 45 = 57. Let w(y) = -y - 65. Let i be w(0). Let b = j - i. Is b composite?
False
Let o be (3/6 + 0)*-10. Let y = -3 - 1. Is 2*o/y*22 a composite number?
True
Let v be (-1)/((-1)/(-1 + 3)). Suppose 0 = 5*l - v*l - 399. Is l prime?
False
Let l be (-2)/7 + (-1603)/49. Let d = l - -160. Is d a prime number?
True
Let m = 176 + 306. Suppose -m = 4*o - 1750. Is o composite?
False
Let g = 5 + -1. Let b = 4 - g. Suppose -3*k = -b - 18. Is k composite?
True
Suppose c + 3*c - 32 = 0. Let y be (116/c)/((-2)/(-4)). Suppose t - 48 = y. Is t a composite number?
True
Suppose 0 = -5*z + 2*d - 382, 3*z + 0*d + 246 = -3*d. Let p = z - -116. Suppose 73 + p = 3*r. Is r prime?
True
Suppose -4*h = -i - 973 + 120, 5*h - 4*i = 1080. Is ((-10)/20)/((-2)/h) a composite number?
False
Let s be (-1 + -2)*11/3. Let z = s + 26. Is z prime?
False
Let x(g) = -g + 1. Let r be x(-4). Let m = 4 - r. Is (0 + m)*(-12)/2 a prime number?
False
Suppose 5*q = -598 - 1242. Let m = 215 + q. Let d = m - -332. Is d prime?
True
Let s be ((-20)/(-6))/((-12)/(-18)). Suppose 8 = -b - 4*i - 0, 0 = 3*i + 9. Suppose l = -0*l - 5*a + 6, b*l - 99 = s*a. Is l composite?
True
Let z(k) = -k**2 - 7*k - 5. Suppose 2*u + 3*l + 6 = 0, -5*u + 0*u = -5*l - 35. Let d(h) = -h**2 - 7*h - 5. Let r(v) = u*d(v) - 4*z(v). Is r(-10) composite?
True
Let x(s) = -9*s**3 + 2*s**2 - 1. Is x(-2) a prime number?
True
Is (17/(-4))/(8/(-928)) a composite number?
True
Let b be 4*1*77/11. Let i(m) = 3*m - 6